 Suppose z = p*y + 18, 0 = -4*z - 3*y - 7 + 24. Suppose -462 - 42 = -z*h. List the prime factors of h.
3, 7
What are the prime factors of (14 + 840/(-63))*830754/12?
46153
Suppose -85*b + 346243 + 896967 = 0. What are the prime factors of b?
2, 71, 103
Let h(y) = y**2 - 21*y - 24. Let p(x) = -x**2 + 20*x + 24. Let n(s) = -3*h(s) - 4*p(s). Let q be n(-11). Suppose b - q = -b. List the prime factors of b.
2, 71
Suppose 0 = -13*h + 8*h + 15. Suppose h*l = y + 6*l - 391, -4*y + l = -1512. List the prime factors of y.
379
Let m = 61858 + -34814. List the prime factors of m.
2, 6761
Suppose -47*x + 2422163 = 429081. List the prime factors of x.
2, 7, 13, 233
Suppose 569 - 549 = 5*m. Suppose -4*i - m*t = -2516, 0*t + 4*t = 8. List the prime factors of i.
3, 11, 19
Suppose -5*n + 4 = -m, 2*n = 5*m + 21 - 1. Let r(q) = 2*q**3 - q**2 - 3*q + 381. What are the prime factors of r(n)?
3, 127
Suppose 36*l - 47 = 25. Suppose l*w - f = 16 + 2, -4*f = 8. What are the prime factors of w?
2
Let s(y) = -2*y**3 - 7*y**2 + 13*y + 51. List the prime factors of s(-8).
523
Suppose -1 = -0*q + q, 2*f = -5*q + 49. Let d = f + -24. Suppose -5*w - 336 = -d*g - 0*g, -2*g + 224 = -4*w. List the prime factors of g.
2, 7
Let i(w) be the first derivative of 133*w**2/2 - 17*w - 70. What are the prime factors of i(1)?
2, 29
Let z be 27/6 + (-12)/(-8). Suppose -3*d + z = 3*v, 0 = -2*d - d - v + 6. Suppose d*u - 234 - 68 = 0. What are the prime factors of u?
151
List the prime factors of (1 - (-53)/(-4))/((-28)/9072).
3, 7
Suppose -10*l + 12*l = -2*j + 9206, 12 = -3*l. List the prime factors of j.
17, 271
Suppose -15*g + 63 = -27. Suppose -3*k = -3*h - g, -4*k + 4 = -h - 7. Suppose 0 = -k*d + 2*d + 311. What are the prime factors of d?
311
Suppose -12*q - 4*q + 64 = 0. Suppose q*k + 4*u - 1256 = 0, -4*k + 2*u = -2*u - 1216. What are the prime factors of k?
3, 103
Suppose 0 = 6*a + 688 - 10492. Suppose 660 = 2*u + 6*r - 10*r, -2*r - a = -5*u. List the prime factors of u.
2, 163
Let u be (-5)/2*(-120)/75. Let c be (6 + -12)*u/2. What are the prime factors of c/(-6) - (-78 + -1)?
3
Suppose -n + 5015 + 954 = 4*x, 4*n - 2*x = 23804. What are the prime factors of n?
5953
Let f be 2/(2/78 - 0). Suppose 88*d - 1717 = 395. Let v = f - d. What are the prime factors of v?
2, 3
Let f = -58615 + 15955. What are the prime factors of (-6)/(-21) + (8 - f/42)?
2
Let t(z) = z**3 + 20*z**2 - 54*z + 288. What are the prime factors of t(5)?
643
Let z(x) = -x**3 + 6*x**2 - 4. Let j be z(6). Let w be (-952)/(-51) - j/(-6). List the prime factors of 2002/18 - ((-14)/w + 1).
3, 37
Suppose 2*o - 4*i - 22758 = 0, -26*o + 31*o + 4*i = 56811. List the prime factors of o.
3, 421
Suppose 3*t = 2*f - 7580, -3*f + 10427 + 942 = -4*t. Suppose -3*g - 5*q + 3805 = 0, 3*g - f = -2*q + 6*q. What are the prime factors of g?
5, 11, 23
Suppose -x + u = -9854, -28*u + 25*u = x - 9862. List the prime factors of x.
2, 7, 11
Let u be 901/289 + (-1)/17*2. List the prime factors of u - (-2 + 3 - (6 - -466)).
2, 3, 79
Suppose d + 7 = 11. Suppose 437 = 2*q - d*g - 223, q + 3*g = 310. Suppose -3*b = 157 - q. What are the prime factors of b?
5, 11
Let l = 10609 + -517. List the prime factors of l.
2, 3, 29
Let r(s) = -22*s - 217. Let v be r(-10). Suppose 8516 = 5*u + v*c, 5*c - 6*c + 1704 = u. List the prime factors of u.
2, 23, 37
Let n = -4419 + 11574. List the prime factors of n.
3, 5, 53
Let g = 27411 - 14929. What are the prime factors of g?
2, 79
Suppose -2*o - 5*u + 3067 = 0, -o + 4*u = -650 - 851. List the prime factors of o.
3, 13
Let g(k) = 281*k + 27. Let m(w) = 140*w + 13. Let l(h) = -4*g(h) + 7*m(h). List the prime factors of l(-2).
271
Let v(g) = -26 + 438*g - 236*g - 261*g. What are the prime factors of v(-4)?
2, 3, 5, 7
Suppose 427*q - 2895 = 424*q. Let j = q - -199. List the prime factors of j.
2, 3, 97
Let z(l) = -4*l**3 - 3*l**2 + l. Let f be z(3). Suppose -2*r + 292 = -4*a, 5*r = 5*a + 258 + 107. Let q = a - f. List the prime factors of q.
59
Suppose 0 = -4*i - 1245*r + 1240*r + 126593, -i = -r - 31646. What are the prime factors of i?
3, 7, 11, 137
Suppose -4*v = -3*m - 1, -5*v + 4*m = 1 - 3. What are the prime factors of (-4 - -1 - v)/((-2)/2164)?
2, 541
Let a be (-1 + 345 + 0)*(-1 + 0). Let n = a + 379. List the prime factors of n.
5, 7
Suppose -219*p + 217*p = 4*f - 5396, -4*p = 2*f - 2686. List the prime factors of f.
7, 193
Suppose -3*u = -i + 2*u + 28, -u - 14 = -3*i. Suppose 2*f - 731 = -i*s, -2*f + 0*f = -3*s - 713. List the prime factors of f.
19
Let p(q) = q**2 + 10*q + 18. Let f be p(-9). Let n be ((-6)/18)/(3/f). What are the prime factors of -1*(-72 - n/(-1))?
73
Let v be (-50)/15 + (16/12 - 2). What are the prime factors of v/22 + (-5 - (-3423)/11)?
2, 3, 17
Suppose 0 = -74*b + 157*b - 209326. List the prime factors of b.
2, 13, 97
Let q = 42 + -44. Let n be 4 - (-2 - q) - -100. Suppose 76 = 4*d - n. List the prime factors of d.
3, 5
Let n(j) = 6*j**2 + 95*j - 259. List the prime factors of n(44).
3, 5179
Let p = 42200 - -1464. List the prime factors of p.
2, 2729
Let r be (81/9 - 51) + (-1 - -5). List the prime factors of (1/(-2))/(r/19076).
251
Let r = -6 - -35. Let s = 33 - r. List the prime factors of s/(-3)*(3 - (2 + 91)).
2, 3, 5
Suppose -2*l + 5*j = -3*l + 20, 5*l + 20 = 5*j. Let r be -2*(2 - 2/(-4)) + l. What are the prime factors of 6260/50 - (-1)/r?
5
Let g be -5 + 144/28 - (-456)/(-7). Let y = g + 303. List the prime factors of y.
2, 7, 17
Let z(b) = 8*b**2 + 27*b - 129. List the prime factors of z(31).
2, 2099
Let w(r) be the third derivative of -23*r**5/60 - r**4/4 - 5*r**3/3 - 8*r**2. Let s be w(-3). Let n = -18 - s. What are the prime factors of n?
181
What are the prime factors of (5 + -4)/(11194/(-16792) - 26/(-39))?
2, 3, 2099
Let u be (-26)/(-4)*(4 + 4). Let l = u - 14. What are the prime factors of (-6)/(-12) + l/4?
2, 5
Suppose 4*y = -j + 5100, -9*y = j - 11*y - 5100. List the prime factors of j.
2, 3, 5, 17
Let o(t) = -2*t + 15*t + 4 - 24. Let m = 910 + -899. List the prime factors of o(m).
3, 41
Suppose 92*q - 96*q + 75434 = -2*j, 5*q - 5*j - 94290 = 0. List the prime factors of q.
18859
Let n be ((-4)/(-9))/((-48)/(-216)). Suppose -o - n = 0, p - 17 + 9 = -2*o. List the prime factors of p.
2, 3
Suppose -2*h - 50 = -4*k, 2*h + 29 = 2*k - 3*h. Let z(i) = 6 - 6*i - 4*i - 6*i + 2*i**2 + k*i. List the prime factors of z(4).
2, 11
Let t(r) = -110*r + 33. Let g(w) = 55*w - 17. Let u(n) = -7*g(n) - 4*t(n). Let h = -20 + 23. What are the prime factors of u(h)?
2, 19
Let o = 669 - -79. List the prime factors of o.
2, 11, 17
Let p(m) = -90*m + 127. What are the prime factors of p(-31)?
2917
Let g(n) = -6*n - 15. Let d be g(-3). Suppose -a - d*k + 1252 = a, 0 = -5*a - k + 3117. What are the prime factors of a?
7, 89
Let n be 1/8 - 60/(-32). Suppose -n*l + 2642 = 3*j, -15 + 5 = -5*j. What are the prime factors of l?
2, 659
Let j be 48/9*114/(-76). List the prime factors of 201 - 42/(j - -15).
3, 5, 13
Let h = 10067 - 5464. List the prime factors of h.
4603
Suppose u = 5*g - 16628, 0 = -3*g + 21*u - 20*u + 9976. List the prime factors of g.
2, 1663
Let y(n) = -3*n**3 - n**2 - 3*n + 1. Let u(b) = b**3 - 23*b**2 + 25*b - 69. Let l be u(22). What are the prime factors of y(l)?
2, 41
Suppose 414*s + 7445606 = 575*s. List the prime factors of s.
2, 19, 1217
List the prime factors of (21 + (-19416)/(-16))/((-6)/(-32)).
2, 823
Let b(p) = 10*p + 1739. What are the prime factors of b(-36)?
7, 197
Let c be (5580/40)/(2/4). Suppose 5*j = -3*p + 279, 3*p + 3*j = -0*j + c. What are the prime factors of p?
3, 31
Suppose g = j + 395, -2*j + 0*j = 3*g - 1175. Suppose g = 3*d + 3*s, 8*d - s - 685 = 3*d. Let b = 347 - d. List the prime factors of b.
211
Suppose -19 = -3*j + u, 0*j + j + u = 9. Suppose 0 = -j*d + 5*d + 8. Suppose 0 = -d*r + 265 + 75. List the prime factors of r.
5, 17
Let j(o) = 3187*o + 203. What are the prime factors of j(10)?
3, 10691
Suppose -3*u + 2*u = -332. Let t be (8/(-12))/(16/(-168)). Suppose -11*y = -t*y - u. List the prime factors of y.
83
Let f(d) = d**2 + 2*d + 1. Let o be f(-2). Let a(l) = -l**3 - 35*l**2 - 2*l - 82. Let j be a(-35). List the prime factors of (-414)/j - -3 - o/2.
37
Let l be 1/2 + 221/2. Let i = 143 + -139. Suppose 3*q + 0*d - l = -2*d, i*d - 117 = -3